{"id":14764,"date":"2019-09-30T05:07:35","date_gmt":"2019-09-30T10:07:35","guid":{"rendered":"https:\/\/www.livingecuadortravel.com\/wp-content\/uploads\/2019\/09\/playa_color-min.jpg"},"modified":"2021-02-02T01:36:26","modified_gmt":"2021-02-02T06:36:26","slug":"playa_color-min-2","status":"inherit","type":"attachment","link":"https:\/\/livingecuadortravel.com\/fr\/playa_color-min-2\/","title":{"rendered":"Plage du Pacifique \u00e9quatorial"},"author":1,"featured_media":0,"comment_status":"closed","ping_status":"closed","template":"","meta":{"cybocfi_hide_featured_image":""},"class_list":["post-14764","attachment","type-attachment","status-inherit","hentry"],"aioseo_notices":[],"smush":"Not processed","description":{"rendered":"<a data-toggle=\"lightbox\" data-gallery=\"multiimages\" data-title=\"route del spondylus\"  class=\"thumbnail img-thumbnail\" href='https:\/\/livingecuadortravel.com\/wp-content\/uploads\/2019\/09\/playa_color-min-1240x446.jpg'><img fetchpriority=\"high\" decoding=\"async\" width=\"1240\" height=\"446\" src=\"https:\/\/livingecuadortravel.com\/wp-content\/uploads\/2019\/09\/playa_color-min-1240x446.jpg\" class=\"attachment-th_img_xl size-th_img_xl\" alt=\"route del spondylus\" srcset=\"https:\/\/livingecuadortravel.com\/wp-content\/uploads\/2019\/09\/playa_color-min-1240x446.jpg 1240w, https:\/\/livingecuadortravel.com\/wp-content\/uploads\/2019\/09\/playa_color-min-300x108.jpg 300w, https:\/\/livingecuadortravel.com\/wp-content\/uploads\/2019\/09\/playa_color-min-768x276.jpg 768w, https:\/\/livingecuadortravel.com\/wp-content\/uploads\/2019\/09\/playa_color-min-1024x368.jpg 1024w, https:\/\/livingecuadortravel.com\/wp-content\/uploads\/2019\/09\/playa_color-min-83x30.jpg 83w, https:\/\/livingecuadortravel.com\/wp-content\/uploads\/2019\/09\/playa_color-min-222x80.jpg 222w, https:\/\/livingecuadortravel.com\/wp-content\/uploads\/2019\/09\/playa_color-min-394x142.jpg 394w, https:\/\/livingecuadortravel.com\/wp-content\/uploads\/2019\/09\/playa_color-min-915x329.jpg 915w, https:\/\/livingecuadortravel.com\/wp-content\/uploads\/2019\/09\/playa_color-min-600x216.jpg 600w, https:\/\/livingecuadortravel.com\/wp-content\/uploads\/2019\/09\/playa_color-min-1240x446.jpg 1440w\" sizes=\"(max-width: 1240px) 100vw, 1240px\" \/><\/a>\n<p>Le parc national de Machalilla est la zone naturelle de la c\u00f4te \u00e9quatorienne la plus appr\u00e9ci\u00e9e pour ses oiseaux et animaux marins qui peuplent ses \u00eeles, \u00eelots, petites falaises, plages de sable et for\u00eats tropicales c\u00f4ti\u00e8res s\u00e8ches.<\/p>\n"},"caption":{"rendered":"<p>Plages de Puerto Cayo Manab\u00ed &hellip; <a href=\"https:\/\/livingecuadortravel.com\/fr\/playa_color-min-2\/\">Read More<\/a><\/p>\n"},"alt_text":"route del spondylus","media_type":"image","mime_type":"image\/jpeg","media_details":{"width":1440,"height":518,"file":"2019\/09\/playa_color-min.jpg","sizes":{"thumbnail":{"file":"playa_color-min-150x150.jpg","width":150,"height":150,"mime_type":"image\/jpeg","source_url":"https:\/\/livingecuadortravel.com\/wp-content\/uploads\/2019\/09\/playa_color-min-150x150.jpg"},"medium":{"file":"playa_color-min-300x108.jpg","width":300,"height":108,"mime_type":"image\/jpeg","source_url":"https:\/\/livingecuadortravel.com\/wp-content\/uploads\/2019\/09\/playa_color-min-300x108.jpg"},"medium_large":{"file":"playa_color-min-768x276.jpg","width":768,"height":276,"mime_type":"image\/jpeg","source_url":"https:\/\/livingecuadortravel.com\/wp-content\/uploads\/2019\/09\/playa_color-min-768x276.jpg"},"large":{"file":"playa_color-min-1024x368.jpg","width":1024,"height":368,"mime_type":"image\/jpeg","source_url":"https:\/\/livingecuadortravel.com\/wp-content\/uploads\/2019\/09\/playa_color-min-1024x368.jpg"},"themo-logo":{"file":"playa_color-min-83x30.jpg","width":83,"height":30,"mime_type":"image\/jpeg","source_url":"https:\/\/livingecuadortravel.com\/wp-content\/uploads\/2019\/09\/playa_color-min-83x30.jpg"},"th_img_xs":{"file":"playa_color-min-222x80.jpg","width":222,"height":80,"mime_type":"image\/jpeg","source_url":"https:\/\/livingecuadortravel.com\/wp-content\/uploads\/2019\/09\/playa_color-min-222x80.jpg"},"th_img_sm_landscape":{"file":"playa_color-min-394x303.jpg","width":394,"height":303,"mime_type":"image\/jpeg","source_url":"https:\/\/livingecuadortravel.com\/wp-content\/uploads\/2019\/09\/playa_color-min-394x303.jpg"},"th_img_sm_portrait":{"file":"playa_color-min-394x512.jpg","width":394,"height":512,"mime_type":"image\/jpeg","source_url":"https:\/\/livingecuadortravel.com\/wp-content\/uploads\/2019\/09\/playa_color-min-394x512.jpg"},"th_img_sm_square":{"file":"playa_color-min-394x394.jpg","width":394,"height":394,"mime_type":"image\/jpeg","source_url":"https:\/\/livingecuadortravel.com\/wp-content\/uploads\/2019\/09\/playa_color-min-394x394.jpg"},"th_img_sm_standard":{"file":"playa_color-min-394x142.jpg","width":394,"height":142,"mime_type":"image\/jpeg","source_url":"https:\/\/livingecuadortravel.com\/wp-content\/uploads\/2019\/09\/playa_color-min-394x142.jpg"},"th_img_md_landscape":{"file":"playa_color-min-605x465.jpg","width":605,"height":465,"mime_type":"image\/jpeg","source_url":"https:\/\/livingecuadortravel.com\/wp-content\/uploads\/2019\/09\/playa_color-min-605x465.jpg"},"th_img_md_portrait":{"file":"playa_color-min-605x518.jpg","width":605,"height":518,"mime_type":"image\/jpeg","source_url":"https:\/\/livingecuadortravel.com\/wp-content\/uploads\/2019\/09\/playa_color-min-605x518.jpg"},"th_img_md_square":{"file":"playa_color-min-605x518.jpg","width":605,"height":518,"mime_type":"image\/jpeg","source_url":"https:\/\/livingecuadortravel.com\/wp-content\/uploads\/2019\/09\/playa_color-min-605x518.jpg"},"th_img_lg":{"file":"playa_color-min-915x329.jpg","width":915,"height":329,"mime_type":"image\/jpeg","source_url":"https:\/\/livingecuadortravel.com\/wp-content\/uploads\/2019\/09\/playa_color-min-915x329.jpg"},"th_img_xl":{"file":"playa_color-min-1240x446.jpg","width":1240,"height":446,"mime_type":"image\/jpeg","source_url":"https:\/\/livingecuadortravel.com\/wp-content\/uploads\/2019\/09\/playa_color-min-1240x446.jpg"},"woocommerce_thumbnail":{"file":"playa_color-min-300x300.jpg","width":300,"height":300,"uncropped":false,"mime_type":"image\/jpeg","source_url":"https:\/\/livingecuadortravel.com\/wp-content\/uploads\/2019\/09\/playa_color-min-300x300.jpg"},"woocommerce_single":{"file":"playa_color-min-600x216.jpg","width":600,"height":216,"mime_type":"image\/jpeg","source_url":"https:\/\/livingecuadortravel.com\/wp-content\/uploads\/2019\/09\/playa_color-min-600x216.jpg"},"woocommerce_gallery_thumbnail":{"file":"playa_color-min-100x100.jpg","width":100,"height":100,"mime_type":"image\/jpeg","source_url":"https:\/\/livingecuadortravel.com\/wp-content\/uploads\/2019\/09\/playa_color-min-100x100.jpg"},"shop_catalog":{"file":"playa_color-min-300x300.jpg","width":300,"height":300,"mime_type":"image\/jpeg","source_url":"https:\/\/livingecuadortravel.com\/wp-content\/uploads\/2019\/09\/playa_color-min-300x300.jpg"},"shop_single":{"file":"playa_color-min-600x216.jpg","width":600,"height":216,"mime_type":"image\/jpeg","source_url":"https:\/\/livingecuadortravel.com\/wp-content\/uploads\/2019\/09\/playa_color-min-600x216.jpg"},"shop_thumbnail":{"file":"playa_color-min-100x100.jpg","width":100,"height":100,"mime_type":"image\/jpeg","source_url":"https:\/\/livingecuadortravel.com\/wp-content\/uploads\/2019\/09\/playa_color-min-100x100.jpg"},"full":{"file":"playa_color-min.jpg","width":1440,"height":518,"mime_type":"image\/jpeg","source_url":"https:\/\/livingecuadortravel.com\/wp-content\/uploads\/2019\/09\/playa_color-min.jpg"}},"image_meta":{"aperture":"0","credit":"","camera":"","caption":"","created_timestamp":"0","copyright":"","focal_length":"0","iso":"0","shutter_speed":"0","title":"","orientation":"0","keywords":[]}},"post":null,"source_url":"https:\/\/livingecuadortravel.com\/wp-content\/uploads\/2019\/09\/playa_color-min.jpg","_links":{"self":[{"href":"https:\/\/livingecuadortravel.com\/fr\/wp-json\/wp\/v2\/media\/14764","targetHints":{"allow":["GET"]}}],"collection":[{"href":"https:\/\/livingecuadortravel.com\/fr\/wp-json\/wp\/v2\/media"}],"about":[{"href":"https:\/\/livingecuadortravel.com\/fr\/wp-json\/wp\/v2\/types\/attachment"}],"author":[{"embeddable":true,"href":"https:\/\/livingecuadortravel.com\/fr\/wp-json\/wp\/v2\/users\/1"}],"replies":[{"embeddable":true,"href":"https:\/\/livingecuadortravel.com\/fr\/wp-json\/wp\/v2\/comments?post=14764"}]}}

Plage du Pacifique équatorial

<a data-toggle="lightbox" data-gallery="multiimages" data-title="route del spondylus"  class="thumbnail img-thumbnail" href='https://livingecuadortravel.com/wp-content/uploads/2019/09/playa_color-min-1240x446.jpg'><img fetchpriority="high" decoding="async" width="1240" height="446" src="https://livingecuadortravel.com/wp-content/uploads/2019/09/playa_color-min-1240x446.jpg" class="attachment-th_img_xl size-th_img_xl" alt="route del spondylus" srcset="https://livingecuadortravel.com/wp-content/uploads/2019/09/playa_color-min-1240x446.jpg 1240w, https://livingecuadortravel.com/wp-content/uploads/2019/09/playa_color-min-300x108.jpg 300w, https://livingecuadortravel.com/wp-content/uploads/2019/09/playa_color-min-768x276.jpg 768w, https://livingecuadortravel.com/wp-content/uploads/2019/09/playa_color-min-1024x368.jpg 1024w, https://livingecuadortravel.com/wp-content/uploads/2019/09/playa_color-min-83x30.jpg 83w, https://livingecuadortravel.com/wp-content/uploads/2019/09/playa_color-min-222x80.jpg 222w, https://livingecuadortravel.com/wp-content/uploads/2019/09/playa_color-min-394x142.jpg 394w, https://livingecuadortravel.com/wp-content/uploads/2019/09/playa_color-min-915x329.jpg 915w, https://livingecuadortravel.com/wp-content/uploads/2019/09/playa_color-min-600x216.jpg 600w, https://livingecuadortravel.com/wp-content/uploads/2019/09/playa_color-min-1240x446.jpg 1440w" sizes="(max-width: 1240px) 100vw, 1240px" /></a>
<p>Le parc national de Machalilla est la zone naturelle de la côte équatorienne la plus appréciée pour ses oiseaux et animaux marins qui peuplent ses îles, îlots, petites falaises, plages de sable et forêts tropicales côtières sèches.</p>

<p>Plages de Puerto Cayo Manabí &hellip; <a href="https://livingecuadortravel.com/fr/playa_color-min-2/">Read More</a></p>
